late the remainder when o is divided by 24.
19
Let z = 62 + 6. Calculate the remainder when (1876/21)/((-10)/(-3))*15 is divided by z.
62
Let l = -208 - -285. Calculate the remainder when l is divided by -2*(8/16)/((-1)/28).
21
Let z be (2*1/2)/((-6)/6). Let h = 3 - z. Suppose 0*q = h*q - 68. Calculate the remainder when 47 is divided by q.
13
Let l = -28963 - -29115. What is the remainder when 296 is divided by l?
144
Let r = 907 + -793. Calculate the remainder when r is divided by 24.
18
Suppose -1325 - 2805 - 2107 = -231*g. Let i(c) = c**2 + 6*c + 4. Let h be i(-6). Suppose -30 = -h*r + 2*r. Calculate the remainder when g is divided by r.
12
Let m = 145 - 68. Let q be (8/3)/(-8)*0. Suppose -g - 2*v + 17 = q, -g + v - 28 = -3*g. What is the remainder when m is divided by g?
12
Let v be 20/(1*(-1)/1). Let h = v + 29. Let s = -3256560 - -3256574. Calculate the remainder when s is divided by h.
5
Let f = 8 - -8. Let z(p) = -p**3 - p**2 + 8*p + 1. Let m be z(-3). What is the remainder when -105*(m + 2 - (-24)/10) is divided by f?
15
Let y be -15*((-36)/5)/(-4). Let o = 106 + y. Calculate the remainder when 154 is divided by o.
75
Suppose -40*n + 401 = 121. Let h(x) = -48*x + 461. Suppose 0*z - 4*k - 56 = -2*z, -4*k + 40 = z. What is the remainder when h(n) is divided by z?
29
Let h = 7 + -9. Let i be (1 + (-5)/h)*2. Suppose 5*c = i*c - 34. Calculate the remainder when 31 is divided by c.
14
Let p = 21198 - 20662. What is the remainder when p is divided by 136?
128
What is the remainder when 1/2 - 15/(-2) is divided by 205/45 + (0 + 4/9)/1?
3
Calculate the remainder when 208 is divided by ((-6)/(-24))/(1/(-68))*(-8 + 6).
4
Let f(t) = 15*t**2 - 5*t - 14. What is the remainder when f(-8) is divided by 30?
26
Let z(i) = 41*i - 1062. What is the remainder when 448 is divided by z(27)?
43
Let a be (-1)/4 - (4 + 238/(-56)). Calculate the remainder when 390 is divided by 1/((-795)/(-395) + -2 + a).
74
Calculate the remainder when 144 is divided by (-498)/(-4) - (-32)/(-64).
20
Let d(t) = 12*t**2 + 517*t + 277. Calculate the remainder when d(-58) is divided by 65.
64
Suppose -j = -4*v + 188, -j + 2 - 46 = -v. Suppose 0 = 69*q - 455 - 442. What is the remainder when v is divided by q?
9
Let i be (-18170)/575 - (2 + (-16)/10). Let n be (50/6)/(3/18). Let c = n + i. Calculate the remainder when c is divided by 5.
3
Suppose -4*z + 72 = -0*j + j, 5*j + 3*z - 292 = 0. Calculate the remainder when (-150 - -150) + (97 - 2) is divided by j.
39
Suppose y - 97 = -3*y - 5*b, 2*y + b - 53 = 0. Let g = y - 62. What is the remainder when 444/17 - (-4)/g is divided by 16?
10
Let t(c) = -4*c + 10. Let r be t(-14). Suppose r*z + 770 = 88*z. What is the remainder when 189 is divided by z?
14
Let u(y) be the first derivative of 7*y**3/3 - 3*y**2/2 - 8*y - 119. Suppose 6 = 5*q - 89. Calculate the remainder when u(4) is divided by q.
16
Suppose 1307526 = 242*k + 13*k - 1213914. What is the remainder when k is divided by 9?
6
Let j = 115 - 104. Let q = 7 + -5. Suppose r - 2 + 0 = -n, q*r = -3*n + 7. Calculate the remainder when j is divided by n.
2
Suppose 0 = l - 0*l - c - 7, 4*l = 3*c + 24. Let d = 2573 + -2572. Suppose v - 3*k - 26 = 0, -v - d = 3*k + l. What is the remainder when 43 is divided by v?
10
Let l be (-5)/(-25) + 63/35. Suppose -8*o + 11*o = 5*p - 126, -l*o - 52 = -2*p. What is the remainder when (2/(-4))/(1/(-280)) is divided by p?
20
Let q = 0 + 6. Let d(l) be the second derivative of l**5/10 - 11*l**4/12 - l**3/6 - 9*l**2 + 65*l - 1. What is the remainder when 83 is divided by d(q)?
11
Suppose 4169 + 783 = -8*k. Let r = 642 + k. Calculate the remainder when 37 is divided by r.
14
Calculate the remainder when 190375/750 - (-4)/24 is divided by 0 - 1 - (2 - 69).
56
Suppose 33*z = -13*z - 35052. Let w = -726 - z. What is the remainder when 85 is divided by w?
13
Calculate the remainder when (-630)/112 + 6/(-16) + 1483 is divided by 13.
8
Let j be (54/10 + -4)*5. Suppose k - 59 = 4*m + 55, -m = k - 109. Suppose j*n - k = 37. What is the remainder when 61 is divided by n?
19
Let y(o) = 85*o - 1175. What is the remainder when 775 is divided by y(14)?
10
Suppose 2*g = 4*h - 12 - 14, 2*g = 2*h - 18. Suppose 5*s + 58 = 3*w, 6 = 2*w + h*s - 18. Let j = -30 - -75. What is the remainder when j is divided by w?
13
Suppose 0 = -3*g + o + 42, g + 22 = o + 34. Let z(u) = 2*u + 61. Calculate the remainder when g is divided by z(-29).
0
Let q(m) = 2*m**3 + m**2 - 11*m + 47. Calculate the remainder when 220 is divided by q(3).
66
Suppose 0 = -12*u + 6*u + 30. Suppose 37 + 53 = u*f. What is the remainder when 29 is divided by f?
11
Let m = 277 + -293. Calculate the remainder when (-72)/(12/m*(-4)/(-16)) is divided by 77.
76
Suppose -203*n + 165 = -618 - 1450. What is the remainder when 3188 is divided by n?
9
Suppose 3*t = h + 466, h + 624 = -5*t + 190. Let p = h + 470. Suppose -o = -3*o + 142. What is the remainder when o is divided by p?
7
Let w(n) = 2*n**2 + 4*n + 10. Let i be w(-11). Suppose 4*v - 2*o - 2*o = -i, 0 = -v - 5*o - 58. Let u = 81 + v. What is the remainder when u is divided by 8?
4
Calculate the remainder when 0 + -2 + (4 - (8 + -2)) + 640 is divided by 100.
36
Let f(h) = -h**2 + 18. Let t be f(12). Let n = -72 - t. Suppose -7*a - n = -13*a. Calculate the remainder when 52 is divided by a.
7
Let o(t) = 7*t**2 - 29*t + 106. Let y = -695 - -699. Calculate the remainder when o(y) is divided by 26.
24
Let z = 8344 - 8132. Calculate the remainder when 431 is divided by z.
7
Let k = 27116 + -27087. What is the remainder when 1257 is divided by k?
10
Suppose -3*q = 2*x - 8 - 16, 0 = -4*q - 2*x + 32. Suppose 147 = 2*c + 13. Calculate the remainder when c is divided by q.
3
Let s(j) = 760*j + 13152. Let t(w) = 5*w**2 - 1. What is the remainder when s(-17) is divided by t(4)?
74
Let y(q) = -10*q - 95. Let b be y(-8). What is the remainder when -62*b/(-40)*-4 is divided by 32?
29
Suppose 0 = -2*c - 2*x + 158, 0*c + 3*x + 148 = 2*c. Let k = c - 36. Calculate the remainder when 161 is divided by k.
38
What is the remainder when 205 is divided by 14 - 18/72*(2 + -2)?
9
Let b(o) = -13*o + 3. Calculate the remainder when 9310/66 + (-22)/363 is divided by b(-2).
25
Let d = -2648 + 2721. What is the remainder when 2479 is divided by d?
70
Let j = 1613 - 1611. Suppose z - n + 3 = 5, 0 = j*z - n - 5. Suppose p + 4*p - 104 = -c, -3*p - c + 62 = 0. Calculate the remainder when p is divided by z.
0
Let d(a) = -1123*a + 29. What is the remainder when d(-3) is divided by 50?
48
Suppose 0 = -2*m - 3*d - 2 - 34, -m - d - 19 = 0. What is the remainder when 28 is divided by m/(-7) - 0 - -8?
6
Let l be ((-2)/(-4) - 1) + (-9)/(144/1592). Suppose 2*d = -d - n + 311, 4*n - 317 = -3*d. Let q = l + d. Calculate the remainder when 47 is divided by q.
2
Let x(f) = f**2 + f - 351. Calculate the remainder when 12643 is divided by x(19).
28
Suppose 252*m + 330 = 282*m. What is the remainder when 108 is divided by m?
9
Suppose -115 = -5*u + 5*r, 0*r - 87 = -4*u + 5*r. Let s be (((-567)/(-12))/(-7))/(5/(-2660)). Calculate the remainder when s/45 - (-2)/10 is divided by u.
24
Suppose -2*z = 2, -46 - 4 = -4*u + 2*z. Let t = -13 + u. Let f(i) = 52*i**2 - i - 2. What is the remainder when f(t) is divided by 9?
6
Suppose 0 = -76*o + 82*o - 3018. Let t = o + -488. Calculate the remainder when 161 is divided by t.
11
Let v = -117 + 122. Calculate the remainder when (0 - v) + 0 + 17 is divided by (-4)/(-1) + 0/(-8).
0
Suppose 6*f - 436 = -1666. Let r = 368 + f. What is the remainder when r is divided by 21?
16
Let f be (834/(-8))/(33/4 + -9). Let k = 194 - f. What is the remainder when 109 is divided by k?
54
Suppose 0 = -18*w + 145 - 19. Calculate the remainder when (0 - 6/(-4))*58 is divided by w.
3
Let h = 29696 - 29470. Suppose s - 4*f - 224 = -3*s, 2*s - 124 = -4*f. What is the remainder when h is divided by s?
52
Let t = -307 - -325. Suppose 0 = -5*j + 3*o + 150, 5*j - 13*o - 110 = -t*o. Calculate the remainder when 103 is divided by j.
22
Let f = 141 - 134. Let h = f - -12. Suppose 6*c - c - 2*z - 173 = 0, 5*c + z - 176 = 0. What is the remainder when c is divided by h?
16
Suppose -5*r - 5*k = 0, 12*r - 7*r = 5*k + 20. Suppose 9*q - 2805 = -r*q. Calculate the remainder when q is divided by 32.
31
Su